d 69308225.
35
What is the highest common factor of 856451 and 621?
23
Calculate the greatest common factor of 148973 and 3377.
11
Calculate the greatest common factor of 610268230 and 1430.
1430
What is the highest common divisor of 756 and 1461248964?
756
Calculate the highest common divisor of 44 and 91716592.
44
What is the greatest common factor of 454 and 245085317?
227
Calculate the greatest common divisor of 8239 and 23888927.
107
What is the greatest common factor of 17813 and 1364779?
379
Calculate the greatest common factor of 13060 and 485.
5
What is the highest common factor of 618 and 54054812?
206
Calculate the greatest common factor of 789 and 31519498.
263
Calculate the greatest common divisor of 72 and 112314.
6
What is the greatest common divisor of 75 and 11659075?
25
Calculate the highest common divisor of 1419 and 10383769.
473
Calculate the highest common divisor of 73305133 and 11.
11
Calculate the highest common factor of 77895875 and 9514.
4757
Calculate the greatest common divisor of 10759 and 20987099.
371
Calculate the highest common divisor of 17671192 and 1792.
56
What is the greatest common factor of 26353 and 1520?
19
What is the highest common divisor of 2244 and 135118533?
561
Calculate the highest common divisor of 245398 and 94192.
58
What is the greatest common factor of 123034 and 11673248?
454
What is the greatest common divisor of 51243 and 11920461?
93
Calculate the highest common factor of 14931 and 16945551.
189
What is the greatest common factor of 11484 and 156708?
36
What is the highest common divisor of 5044799 and 131453?
211
What is the highest common divisor of 156698 and 1974?
94
Calculate the highest common divisor of 23084908 and 385.
77
Calculate the highest common divisor of 150191 and 252793.
29
What is the greatest common divisor of 95636359 and 182?
91
What is the greatest common factor of 213750 and 193173?
57
Calculate the highest common divisor of 130978 and 15394.
86
What is the highest common divisor of 650 and 2477?
1
Calculate the greatest common divisor of 11520 and 2740160.
320
Calculate the greatest common divisor of 1807 and 27763999.
139
What is the greatest common factor of 39 and 1284699?
39
Calculate the greatest common factor of 749 and 445347910.
749
What is the greatest common factor of 51585 and 16530?
285
What is the highest common divisor of 12553162 and 430?
86
Calculate the greatest common divisor of 207 and 1484843499.
207
Calculate the highest common factor of 6380238 and 8094.
114
What is the greatest common divisor of 7705 and 138920?
115
What is the highest common divisor of 194784 and 367584?
96
Calculate the highest common factor of 19332213 and 46920.
1173
What is the highest common divisor of 21505 and 16654?
11
What is the highest common divisor of 79629284 and 392?
28
Calculate the highest common divisor of 23305444 and 4524.
116
Calculate the highest common factor of 574 and 14450163.
287
Calculate the greatest common divisor of 460208 and 36848.
784
Calculate the greatest common factor of 1334 and 10917295.
23
Calculate the highest common factor of 599466 and 10044114.
12234
What is the greatest common factor of 111878 and 3711578?
338
What is the greatest common divisor of 461 and 48454327?
461
Calculate the greatest common factor of 70785 and 127219521.
4719
What is the greatest common divisor of 341443719 and 2998?
1499
Calculate the greatest common divisor of 87 and 36677199.
87
Calculate the highest common factor of 1380855 and 840.
105
What is the highest common factor of 8140612 and 32288?
4036
What is the greatest common divisor of 17784 and 2781688?
104
Calculate the greatest common divisor of 171700 and 454240.
340
Calculate the greatest common factor of 27528 and 1530024.
888
Calculate the highest common divisor of 2504 and 38659256.
2504
What is the highest common factor of 1973 and 178609771?
1973
Calculate the greatest common divisor of 2295 and 328411185.
255
What is the greatest common factor of 31608 and 2698533?
3951
What is the highest common divisor of 90 and 10554372?
18
What is the highest common divisor of 35352 and 484956?
36
Calculate the greatest common divisor of 6696 and 15095016.
2232
Calculate the highest common divisor of 10 and 12746210.
10
What is the highest common divisor of 5127 and 33569887?
1709
What is the greatest common divisor of 32543835 and 46935?
2235
Calculate the greatest common divisor of 96 and 18261088.
32
What is the greatest common factor of 466 and 3729398?
466
What is the greatest common divisor of 390730 and 393026?
82
Calculate the greatest common factor of 962 and 60886682.
74
What is the greatest common factor of 11340 and 5175660?
420
What is the greatest common factor of 105 and 60278760?
15
What is the greatest common divisor of 3973 and 2533?
1
What is the greatest common divisor of 2990 and 13930982?
26
What is the highest common factor of 257816896 and 576?
64
What is the greatest common factor of 21 and 4946165?
7
What is the greatest common divisor of 23120 and 81616?
16
What is the highest common divisor of 23 and 68269?
1
Calculate the highest common factor of 235 and 1261433.
47
What is the highest common divisor of 931 and 1478?
1
Calculate the greatest common factor of 17353944 and 90.
18
Calculate the highest common divisor of 192 and 722479776.
96
Calculate the highest common divisor of 19902879 and 34353.
3123
What is the highest common factor of 7105278 and 9006?
114
What is the greatest common factor of 36612 and 3003540?
1356
What is the greatest common divisor of 3 and 9229419?
3
Calculate the highest common divisor of 1179829 and 10633.
217
What is the highest common factor of 145117690 and 1720?
430
What is the highest common factor of 35529 and 19149?
39
Calculate the greatest common factor of 7209 and 11502.
81
Calculate the highest common divisor of 529731708 and 484.
484
What is the greatest common factor of 353381 and 31787?
133
What is the greatest common divisor of 91273708 and 1888?
236
Calculate the greatest common divisor of 43797520 and 480.
80
What is the greatest common factor of 114 and 171642?
6
What is the highest common divisor of 20 and 44510156?
4
Calculate the highest common divisor of 31813 and 13601.
29
What is the greatest common divisor of 5451 and 1709086?
79
Calculate the greatest common factor of 8163300 and 1140.
60
What is the highest common factor of 1918 and 3692698?
274
Calculate the highest common factor of 282857400 and 25.
25
Calculate the highest common factor of 465990 and 24696.
294
Calculate the highest common divisor of 36948940 and 76220.
740
Calculate the highest common divisor of 3440548 and 7314.
106
What is the highest common factor of 8538768 and 116186?
602
Calculate the greatest common divisor of 15054020 and 190.
10
Calculate the highest common factor of 3207656 and 14681851.
8531
What is the highest common divisor of 38170050 and 2888?
38
What is the highest common factor of 1795 and 52286555?
1795
What is the highest common factor of 246606144 and 6?
6
What is the greatest common divisor of 5446332 and 15296?
956
Calculate the greatest common divisor of 56224 and 256.
32
Calculate the highest common divisor of 448 and 10226972.
28
Calculate the greatest common divisor of 33101 and 2300796.
79
What is the highest common divisor of 35513623 and 141?
47
What is the greatest common factor of 266647736 and 8?
8
Calculate the greatest common divisor of 131724 and 10116.
36
What is the greatest common divisor of 17 and 1185633499?
17
What is the highest common divisor of 10673988 and 727584?
8268
What is the greatest common divisor of 19468887 and 3?
3
What is the greatest common factor of 369513 and 9441?
9
What is the highest common factor of 862 and 57303605?
431
Calculate the highest common factor of 28709205 and 71.
71
Calculate the greatest common divisor of 3243 and 34708748.
1081
Calculate the greatest common factor of 12208446 and 1334.
46
Calculate the greatest common divisor of 10948034 and 119.
17
What is the highest common divisor of 180 and 9912410?
10
What is the highest common factor of 276590 and 16?
2
What is the greatest common factor of 46429748 and 788?
788
What is the greatest common factor of 550 and 